r of 216 and p.
72
Let p = -71 + 103. Let j(y) = 2*y - 6*y**2 + 2*y**3 - y**3 + 2 - y. Let l be j(6). What is the highest common divisor of p and l?
8
Let q(w) = w - 6. Let v be q(7). Let j = v - 4. Let u be 12 + (j - (1 - 2)). Calculate the highest common factor of 100 and u.
10
Suppose 8*g = 15*g + 1645. Let s be 569/9 + g/45 + 5. What is the highest common factor of s and 7?
7
Let v(q) = q**2 + 2*q + 171. Let k = -73 - -73. Let n be v(k). Calculate the greatest common divisor of 19 and n.
19
Suppose -200768 - 85168 = -69*f. What is the highest common factor of f and 112?
112
Let w be 87/(-6)*1*(-8 - 2). What is the greatest common factor of w and 754?
29
Suppose -2*y + 0*f + 2*f + 296 = 0, 3*f = 12. Let s(a) = -a**2 - 20*a - 80. Let t be s(-11). Calculate the greatest common factor of y and t.
19
Let a = -57 - -126. Let l be ((-292)/(-16) - 1)/(3/8). Calculate the highest common divisor of a and l.
23
Let l be (-446)/(-16) + (-5)/(-40). Calculate the highest common factor of l and 44.
4
Let y(n) = 2*n**2 - n. Let c be y(-1). Suppose c*u = 5 + 127. Let p(a) = 65*a**2 + 2*a - 1. Let x be p(1). Calculate the highest common factor of x and u.
22
Suppose -4*d + 2805 - 309 = 0. Suppose -4*r + 0*u + 494 = -5*u, 5*r - 3*u = d. Calculate the greatest common divisor of 36 and r.
18
Let w(n) = -n**3 - 21*n**2 + 14*n - 6. Let x be w(-24). What is the highest common factor of x and 84?
42
Let n be 2/(-1)*(2 + -1). Let z be 100/7 - 13/((-910)/(-20)). Let v be n/(-3)*63/z. Calculate the highest common factor of v and 27.
3
Let t = 205 - 151. Suppose -l - 110 = -3*h, 2*h - 3*l - 114 = -h. What is the greatest common divisor of h and t?
18
Let s = 24 + -20. Suppose 2*i = i + 4*t + 18, -18 = -s*i - 2*t. Calculate the greatest common divisor of 18 and i.
6
Let b = -368 + 603. Suppose 3*i - b = 131. Suppose t = -3*v + i, -4*v - 47 - 47 = -t. What is the greatest common divisor of t and 11?
11
Suppose -2*c + 8 = -0*c. Suppose 12 = -2*s + c*s. Let b = s - -4. Calculate the highest common factor of 10 and b.
10
Let m(j) = -7*j - 37. Let i be m(-8). Calculate the highest common factor of 1 and i.
1
Let n be (-15)/(-6*4/48). What is the highest common factor of 108 and n?
6
Suppose -72 - 558 = -70*v. Let w = 4 + -1. Let o = w - 2. What is the greatest common divisor of o and v?
1
Suppose 0 = -2*k + 7*k - 705. What is the greatest common factor of 329 and k?
47
Let y(s) = -s**3 + 23*s**2 - 18*s - 75. Let d be y(22). Suppose -4 = 4*g, -24 = -2*f - 0*g - 2*g. Calculate the greatest common divisor of f and d.
13
Suppose -6*o = -1600 + 574. What is the greatest common factor of o and 76?
19
Suppose 5*f + 391 = 3*l, 74 = 2*l + 2*f - 192. Suppose 4*s - 5*p - l = -p, 5*s - 145 = p. Suppose k - 5 = -1. What is the greatest common factor of k and s?
4
Let g(o) = -26*o + 48*o - 20 - 26*o. Let l be g(-13). Calculate the greatest common divisor of l and 16.
16
Suppose -7150 = -5*w + 32*x - 37*x, -3*w = -x - 4282. Calculate the greatest common factor of 34 and w.
34
Let s = -22 + 21. Let m be -1 + (s - -6) + 89. What is the highest common factor of 31 and m?
31
Let z be ((-374)/8)/(2/(-32)). Suppose -6*q + 2*q + z = 0. What is the greatest common factor of 17 and q?
17
Let p(f) = 7*f - 20. Let s be p(5). Let o be (1/1)/(2/20). What is the greatest common divisor of s and o?
5
Let n(q) be the third derivative of q**5/60 - q**4/8 - q**3 + 15*q**2. Let y be n(7). Calculate the highest common factor of y and 55.
11
Let x(w) = -w**2 + 9*w + 4. Let f be x(9). Suppose f*p - 2*s - 204 = 0, p + 5*s = -2*p + 153. Let r = -84 + 118. What is the greatest common divisor of p and r?
17
Suppose 0*u - z - 183 = -u, -3*u - z = -545. Calculate the greatest common factor of 56 and u.
14
Let z(n) be the third derivative of -n**4/2 - 2*n**3 - 12*n**2. Let m be z(-3). What is the highest common factor of 168 and m?
24
Suppose -1021*g = -1031*g + 2180. Calculate the highest common divisor of 981 and g.
109
Suppose -40 = -5*d + d. Suppose -3*v - 20 = -5*t, -3*v + 5*v = 0. Suppose -k - 215 = -3*p, -t*p = p + 5*k - 325. What is the highest common divisor of d and p?
10
Let d = -14 + 17. Let t be -2 + -1*31*-2. Suppose 6 - t = -2*p. Calculate the highest common factor of d and p.
3
Suppose -15 = -3*q, 4*a + 5*q - 112 = 9*q. What is the greatest common divisor of a and 627?
33
Let u = -43 - -20. Let f be (10/(-3))/(u/483). Suppose -2*c + 27 = -5*q + 9, -3*c = 4*q - 50. Calculate the greatest common divisor of f and c.
14
Let f = 152 + 112. Calculate the highest common factor of 24 and f.
24
Let m = 1409 + -1388. Suppose -309 = 3*f - 1569. Suppose -z + 525 = 4*z - h, -f = -4*z + h. What is the greatest common factor of z and m?
21
Let t(c) = -c**2 + 36*c + 69. Let f be t(37). Let b be 20/6*(-60)/(-25). Calculate the greatest common divisor of b and f.
8
Let n be 422/12 - (-20)/24. Calculate the highest common factor of n and 384.
12
Let l = -238 - -294. Let h(f) = -f**3 + 2*f**2 + 6*f - 5. Let w be h(-5). Calculate the greatest common factor of w and l.
28
Let p be 2932/12 - 4/(-6). Suppose -4*y + 2*l - 8 = -156, -5*y + 5*l + 195 = 0. What is the greatest common divisor of p and y?
35
Let z be (1/((-3)/(-100)))/(102/153). What is the greatest common factor of z and 550?
50
Let s(d) = 19*d**2 + 73*d + 7. Let x be s(-6). Let q = -34 + 57. Calculate the highest common divisor of x and q.
23
Suppose 5*t - 86 - 49 = 0. Let y be 9/t - 11/(-3). Suppose q + y*q + 105 = 3*m, -5*q = 5*m - 135. Calculate the greatest common factor of 15 and m.
15
Let x be ((-362)/10 + 2)*(-475)/19. What is the highest common divisor of x and 15?
15
Suppose 5*q + 5*o = 2835, 5*q + 15*o - 2880 = 19*o. What is the highest common divisor of q and 26?
26
Let p = -1036 - -1057. What is the highest common factor of p and 2142?
21
Let w be (-4)/(-2 + 0) - -148. Let m be 1 - -1 - (-33 - -5). Calculate the highest common divisor of m and w.
30
Suppose 4*c - 2*s = 214, -4*s = -9*s + 15. What is the greatest common factor of c and 165?
55
Suppose -j = j - 352. Let d be (-1)/(9 - 15) + (-95)/(-6). Calculate the highest common factor of d and j.
16
Let l = 3 + -6. Let y(o) = -o - 1. Let u be y(l). Suppose a - 2*a + 3*h = -73, u*a = -4*h + 136. Calculate the highest common divisor of a and 10.
10
Let w = -666 - -705. Calculate the highest common factor of w and 91.
13
Let s(j) = 7*j**2 + 66*j - 23. Let c be s(-11). Calculate the highest common factor of c and 539.
49
Let g be (-14 - 1/(-1))/(-1). What is the greatest common factor of 104 and g?
13
Let v be -9*1*(-12)/9. Suppose -18 = 16*b - 19*b. What is the highest common factor of v and b?
6
Let x be (-2)/6 - 287/21. Let o = x - -9. Let c = 14 + o. Calculate the highest common factor of 3 and c.
3
Let l(s) = 141*s**2 + 6*s - 2. Let q be l(-2). What is the greatest common divisor of 50 and q?
50
Suppose -2*n - 4 = -4*n. Suppose -n*i - 4*d = -24, 2*i + 5*d = -0*i + 29. Suppose 0 = i*w + 16 - 46. Calculate the highest common factor of 3 and w.
3
Let s(f) be the third derivative of 3*f**4/4 + 3*f**2. Let h be s(11). What is the highest common factor of 22 and h?
22
Let v(y) = 2*y**2 + 20*y + 16. Let n be v(-10). Let k = -12 + n. Calculate the highest common divisor of k and 32.
4
Let q be (3 + (-2 - -2))*3. Suppose 18*h = 219 - 57. Calculate the highest common factor of h and q.
9
Suppose 255 = 2*s + 3*s. Suppose -3*q - o + 98 = -9, -3*q + 4*o = -82. Calculate the highest common divisor of q and s.
17
Suppose -d - 10 = -3*d. Suppose 3*m - 2*l = 4*m - 1, 5*m + 4*l - d = 0. Let x be 1/(-10) + (-121)/(-110). What is the greatest common divisor of m and x?
1
Let r = -1017 - -1290. Calculate the highest common factor of 117 and r.
39
Let z(q) = q**3 + 4*q**2 + 4*q + 11. Let p be z(-5). Let d = -32 - p. Calculate the greatest common divisor of d and 2.
2
Suppose 11*k = 7*k - 8. Let u be k/(-6) + 4/6. What is the greatest common factor of u and 1?
1
Suppose s = 2*z + 11, 2*s = 4*z - 2*s + 28. Let a(t) = 2 + 3*t**2 + 4*t + 0*t**2 + t**2. Let p be a(z). What is the greatest common factor of p and 10?
10
Let p be 555/9 - -4 - (-15)/(-9). Calculate the highest common factor of 224 and p.
32
Let t(q) = -7 - 2*q - 6 - 2 + 0. Let r be t(-9). Calculate the highest common factor of 12 and r.
3
Suppose -w = 2*w +